8
What is the tens digit of ((-315)/10)/(1/(-2))?
6
Let z(q) = q**3 + 4*q**2 - 6*q - 2. Let t = -10 + 6. Let i be (1 - 0)/(t/20). What is the units digit of z(i)?
3
Suppose 36*c - 34*c = 160. What is the tens digit of c?
8
Let t = -43 - -18. Let v = t + 55. What is the units digit of v?
0
Let l be (-4)/((-2)/2 - 0). Let p be 22 + 5 - (-4 - -1). Suppose l*u - p = 2*u - 4*q, -4*q + 41 = 3*u. What is the tens digit of u?
1
Let i be (40/(-5))/(2/16). Let b = -36 - i. What is the units digit of b?
8
Let z(r) = -11*r**3 - r**2 + r + 1. Let n be z(-1). Suppose 4*t = n + 18. What is the units digit of t?
7
Let t(x) = -x + 8. Let s be t(-8). Suppose s - 1 = 5*r. Suppose r*i + 36 = 4*u - 39, -55 = -2*u + 5*i. What is the tens digit of u?
1
Let t be -2 - (5 - 2)*-2. Let p = 4 - 3. What is the units digit of (p + t)*(-8)/(-10)?
4
Let v(g) be the third derivative of g**4/24 - g**3 + g**2. Let s be v(6). Let y = 1 - s. What is the units digit of y?
1
Let c be 1 - (-5 - -2 - 2). Suppose 0*k = -3*k + c. What is the units digit of (0 - k)/((-2)/8)?
8
Suppose -2*m = 2*m - 3*a - 24, 3*m - 5 = -a. Let f = 0 - m. What is the units digit of f/(9/12)*-2?
8
Let q = 107 - 24. What is the units digit of q?
3
Let c = -116 - -179. What is the units digit of c?
3
Suppose -612 = -9*a + 837. What is the hundreds digit of a?
1
Suppose 0 = -5*u + 3*y + 4 + 13, -3*u - 2*y + 14 = 0. Suppose -3*b = -u - 29. What is the tens digit of b?
1
Let c(q) = -q**3 - 11*q**2 + 7*q + 7. What is the units digit of c(-12)?
7
Let b be 10/25 + 12/(-5). What is the units digit of 141/6 - (-3)/b?
2
Suppose -4*q - 160 = -6*f + 2*f, 5*f - 4*q - 202 = 0. What is the units digit of (-1)/4 - f/(-8)?
5
Let x(b) = 3*b - 10. Let w be x(4). Suppose -88 = -w*o - 0*o. What is the units digit of o?
4
Let t = 1 - 3. Let j be t/4 + 7/2. Suppose 2*p + 2*h - 24 = -2*p, -p - 4 = j*h. What is the units digit of p?
8
What is the tens digit of (6/(-15) + -4)*-5?
2
Let y(f) = f**3 - 6*f**2 + 2*f - 2. Let c be y(6). What is the units digit of (-4)/c - 114/(-10)?
1
Let d(r) = -r**2 - 1. Let i(w) = -7*w**2 - 5. Let h(a) = 5*d(a) - i(a). What is the units digit of h(-2)?
8
Let o = -19 + 63. What is the units digit of o?
4
Let i = 19 + 33. What is the units digit of i?
2
What is the tens digit of ((252/(-7))/4)/((-3)/22)?
6
Let g = -5 - -5. Suppose -5*k = -g*k - 15. Suppose 0 = k*w - b - 21, -w + 2*b - 7*b + 7 = 0. What is the units digit of w?
7
Let y = 1 - -2. Let z = y + -3. Suppose -5*u + 22 + 18 = z. What is the units digit of u?
8
Let s be (2/(-4))/(2/(-20)). Suppose 0 = -m + 3*c + c + 8, 4*m + s*c = 11. What is the units digit of m?
4
Suppose -m + 2*m = 0. Let v be 0 - 2*(-1 - m). Suppose v*p - 3*a - 26 = -0, 5*a + 6 = -2*p. What is the units digit of p?
7
Let s(m) = 2*m**2 + 2*m - 1. Let u be ((-40)/12)/((-2)/6). Suppose -2*f = -7*f + u. What is the tens digit of s(f)?
1
Let g(x) = -x**3 - 4*x**2 + 4*x - 5. Let q be g(-5). Suppose -3*i + 18 = -q*i. What is the tens digit of (-135)/(-6)*i/9?
1
Suppose -3*j + 3*q = q - 15, 0 = 4*j - 4*q - 24. Suppose -2*h - 8 = -2*l + 16, j*h = l - 22. What is the units digit of l?
7
Suppose -t - 3*b = -96, -52 + 326 = 3*t - 5*b. What is the units digit of t?
3
Let q(o) = -16*o - 1. Let b(k) = -k. Let c(f) = -4*b(f) + q(f). Let v be c(-1). Let a = -6 + v. What is the units digit of a?
5
Suppose 79 + 55 = 5*h - u, 0 = 5*h - 3*u - 142. Let v = h - 15. What is the tens digit of v?
1
Let s = 4 - 0. Suppose -3 = k, 15 = 3*u - 0*k + s*k. What is the units digit of u?
9
What is the units digit of 301 - (-2 + (-4 - -4))?
3
Let q = -6 - -5. What is the units digit of 2 + (2 - (0 - q))?
3
Let u be 4*1*(-3)/(-6). Suppose -3*n - u*n + 50 = 0. What is the units digit of n?
0
Let w be 2/(-16) + 429/104. Suppose -w*b = -29 + 5. What is the units digit of b?
6
Let s(j) be the second derivative of 3*j**5/20 - j**2/2 + j. Let v be s(1). What is the units digit of 22/4 + v/4?
6
Let g = 3 - 0. Suppose g*a + a = 4*m - 56, -4*m - 4*a = -32. What is the units digit of m?
1
Suppose -2*s = 2*s - 608. Let u be s/6 - (-1)/(-3). Suppose 3*a + 4*j - u = 2*j, -41 = -4*a + 5*j. What is the units digit of a?
9
Suppose -406 = -5*s - 0*q + q, 0 = 5*q - 20. What is the units digit of s?
2
Let a = 10 - 8. Suppose -2*d + 4*d = -3*i + 25, 1 = a*d - 5*i. What is the units digit of d?
8
Suppose 3*v + 6 = -3*d + 18, 0 = 3*v - 3*d - 24. Suppose 0 = 3*n - 2*w + 4, -5*w + v + 17 = -n. What is the units digit of (0 + 8)*n/2?
8
Let r(v) = -v**3 + 6*v**2 - 6*v + 7. Let u(z) = -6*z**3 + 2*z**2 - 1. Let y be u(1). Let h be (-1 - -2)/((-1)/y). What is the units digit of r(h)?
2
What is the hundreds digit of 6*(-2)/(4/(-47))?
1
Suppose 3*r + 0*r = -81. Let w = r - -51. What is the units digit of w?
4
What is the tens digit of 9*-1*7/(-3)?
2
Let f(h) = 3*h**3 + 4*h**2 - 6*h + 1. Let s(q) = 1 - 2*q**2 - 5*q + q**2 + 4*q**2 + 2*q**3 + 0. Let o(i) = 3*f(i) - 4*s(i). What is the tens digit of o(2)?
1
Let h = 134 + 4. What is the units digit of h/7 + 8/28?
0
Let s(a) = 0*a**2 + a**2 - 1 - 1. Let t = 1 + -3. What is the units digit of s(t)?
2
Let c be 14/((-2)/8*-2). Suppose -3*w = w - c. What is the units digit of w?
7
Let m be (4 + -2)/(4/(-6)). Let w(r) = -r**3 - r**2. What is the tens digit of w(m)?
1
Let p(d) = d**3 + d**2 - 3*d - 1. What is the tens digit of p(3)?
2
Let h be (0 - 0)/(9 + -7). Suppose h = 2*f + 3*f - 90. What is the units digit of 2/3*f/3?
4
Suppose 4*b = -43 - 97. Let n = -14 - b. What is the tens digit of n?
2
Suppose -b + 5*b = 8. Suppose -5*c = 5*q - 120, 40 = q + b*c + 14. What is the tens digit of q?
2
Let c = -153 - -269. What is the units digit of c?
6
Let s = 4 - 5. Let o = 1 - s. What is the units digit of o?
2
Let i(x) = -x - 2. Let z be i(-7). Let f = 9 - z. What is the units digit of f?
4
What is the units digit of -3 + (36 - (-3)/(-1))?
0
Suppose 72 = u - 4*u. Let x be ((-3)/(-6))/((-2)/u). Suppose -x*o + 3*o + 57 = 0. What is the units digit of o?
9
Let u be 6*1/(-3)*-2. Suppose -7 = d - u. Let m(b) = 2*b**2 - 1. What is the units digit of m(d)?
7
Suppose 3*q - q = 88. What is the units digit of q?
4
Let b(r) = -2 + 2*r - 1 + 0 + 2. What is the units digit of b(5)?
9
Let p(b) = -9*b + 15. Let s(u) = 5*u - 8. Let w(h) = -4*p(h) - 7*s(h). Let a be w(8). What is the tens digit of (28 + 2)*a/10?
1
Let s(i) be the first derivative of 3*i**3 + 12*i + 1/2*i**2 + 2 + 1/4*i**4. What is the units digit of s(-9)?
3
Let p = -6 + 3. What is the tens digit of (-66)/(-2) + (p - -2)?
3
Suppose -3*o = 2*o - 260. Let v = o + -31. What is the units digit of v?
1
Suppose 4*b = v - 28, 7*v + 2*b - 30 = 2*v. Let l(w) = w. What is the units digit of l(v)?
8
Suppose h = 4*c - 2*c - 3, -3*h = c + 9. Suppose o - 2*a + 3 = c, 5*o - 8 = 2*a + 17. What is the units digit of o?
7
Let a(n) = -6*n**3 + n**2 - n. Let k be a(1). Let h = k - -25. What is the tens digit of h?
1
Let y(d) = d**2 - 6*d - 5. What is the units digit of y(7)?
2
Let q = 1 + 1. Suppose -q*g = -1 - 5. What is the units digit of g?
3
Let i(k) = k**2 - 7*k + 1. Let x be i(7). What is the units digit of x/(2 - 11/6)?
6
Let d = 16 - 43. What is the units digit of ((-5 - -3) + d)/(-1)?
9
Suppose -889 = -3*k + u, 4*u - 1186 = -4*k + 5*u. What is the tens digit of k?
9
Suppose -f = -6*f. Suppose -4*y = -0*l + 3*l - 62, 2*y + 2*l - 30 = f. What is the tens digit of y?
1
Let q(c) = 11*c**3 + 2*c**2 - 1. Suppose 3 = -u + 4. What is the units digit of q(u)?
2
Suppose 6 = -d + 2*m, 0 = -2*m + 7*m - 25. What is the units digit of d?
4
Let a = -5 + 9. Suppose 3*p + a*g = 6, -p + 1 = -3*g - 1. Suppose 0 = -c + p*r + 17, 4*c = -c - 5*r + 10. What is the units digit of c?
7
Let w(t) = -t - 16 - 2*t + 15. What is the units digit of w(-2)?
5
Suppose -19*j + 1662 + 846 = 0. What is the tens digit of j?
3
Suppose -6*l + 679 = 133. What is the tens digit of l?
9
Let c(d) = d**2 + 3*d + 8. Let s be 5*((-24)/(-15))/(-1). Let y be c(s). Suppose 4*b + 0*b = y. What is the tens digit of b?
1
Suppose -4 = -g + 1. Let j(p) = 7 + g*p**2 + 0*p**2 - 2 - p**3. What is the units digit of j(5)?
5
Let f(o) = o**3 - 8*o**2 - 8*o - 7. What is the units digit of f(9)?
2
Let j = 66 + -3. Let v = j + -43. Let f = -11 + v. What is the units digit of f?
9
Suppose -2*k = 3*v - 40, 2*v = -5*k - 6 + 29. 